72b4 - 8?
1772ab
In base 8, what is -15546650 - 37?
-15546707
In base 10, what is -47 - 99563?
-99610
In base 13, what is -2008 - -470b?
2703
In base 6, what is -32204 - 3244?
-35452
In base 8, what is -23 + 22022651?
22022626
In base 5, what is 23 - -13333024110?
13333024133
In base 8, what is 1007441 - -116?
1007557
In base 3, what is 0 - -11000002121012222?
11000002121012222
In base 14, what is -4 - -1b9a7b?
1b9a77
In base 12, what is -10602a - 22?
-106050
In base 2, what is -1011100110000111100001001011 + 10?
-1011100110000111100001001001
In base 13, what is 0 + -aa205?
-aa205
In base 12, what is 82a135 + 9?
82a142
In base 9, what is -75531 - 230?
-75761
In base 15, what is 665 + 1e16?
257b
In base 7, what is -153440 - -2601?
-150536
In base 9, what is 402048530 - -1?
402048531
In base 16, what is 61 - 3d75f?
-3d6fe
In base 14, what is -92bb4 - 68?
-92c3c
In base 3, what is -12121022020121 + -21200?
-12121022112021
In base 13, what is -19cc14 + 42?
-19cba2
In base 6, what is 4015 + 3320?
11335
In base 3, what is -12102221020 + 1200?
-12102212120
In base 11, what is 672a77a + -3?
672a777
In base 9, what is 3 - -65427407?
65427411
In base 5, what is -1412 - 32240?
-34202
In base 16, what is -4 - -54a1f6?
54a1f2
In base 11, what is -120609a48 - 1?
-120609a49
In base 3, what is 21001021 - -12201121?
110202212
In base 12, what is 537 - -965b4?
96b2b
In base 13, what is -74b2 + -a26a?
-1474c
In base 2, what is -10001001001 + 10100111100010100110?
10100111010001011101
In base 16, what is 31b - -76aa?
79c5
In base 7, what is -1635 - 11440?
-13405
In base 11, what is -8010537 - 1?
-8010538
In base 11, what is -4715a - 250?
-473aa
In base 16, what is -18e + 4d7?
349
In base 15, what is 21a3a72 + -3?
21a3a6e
In base 13, what is 15c9 - 147c?
14a
In base 2, what is -1000001 - 1100100100011110?
-1100100101011111
In base 7, what is -31030466 + -36?
-31030535
In base 14, what is -d89105 + 1?
-d89104
In base 5, what is -1 - -321012430241?
321012430240
In base 6, what is -23 + -242323512?
-242323535
In base 16, what is -130 - -56ab8?
56988
In base 3, what is -10111200022002 + 20?
-10111200021212
In base 6, what is -1335141 + -5501?
-1345042
In base 9, what is -183575647 - -1?
-183575646
In base 10, what is -1872182 + 1?
-1872181
In base 3, what is -20221201 + -2221020?
-100212221
In base 7, what is -32 - 221532?
-221564
In base 8, what is -76762 + 4342?
-72420
In base 15, what is -31 - -1d8532?
1d8501
In base 5, what is -4 - 203433220?
-203433224
In base 8, what is 14 - 453014715?
-453014701
In base 15, what is -6d8 + 4852?
4169
In base 9, what is 3 + 122500480?
122500483
In base 4, what is 122112123213 + 333?
122112130212
In base 7, what is 4 + -5044123?
-5044116
In base 9, what is -3804 - 50608?
-54513
In base 9, what is -123540 - 114?
-123654
In base 9, what is 40 - -6526312?
6526352
In base 3, what is 2112011 + 2101121?
11220202
In base 16, what is -8 + 111a3a?
111a32
In base 16, what is -2b + 2c3a9?
2c37e
In base 6, what is -1 + -551201200?
-551201201
In base 2, what is 110010 + -1110001010111?
-1110000100101
In base 8, what is -107507147 + 0?
-107507147
In base 16, what is 82126 + -d?
82119
In base 8, what is -1250 + 45132?
43662
In base 13, what is 0 + -65476ca?
-65476ca
In base 16, what is -121f - cc31?
-de50
In base 14, what is -2ca + -409665?
-409951
In base 5, what is -2012432 + -234212?
-2302144
In base 7, what is -24 + -1063555?
-1063612
In base 16, what is 41 + 9de4?
9e25
In base 8, what is -10467 - -41541?
31052
In base 12, what is -16b1 - -5466?
3975
In base 6, what is 525 - 55245204?
-55244235
In base 8, what is 2132573451 + -5?
2132573444
In base 11, what is -98 + -22a73?
-23060
In base 6, what is 2111205250 + -13?
2111205233
In base 10, what is -234211 + -15?
-234226
In base 4, what is -21311321101 - -11?
-21311321030
In base 12, what is 6 - -56489280?
56489286
In base 5, what is -1033 - 112332001?
-112333034
In base 3, what is 110212110012210112 + -12?
110212110012210100
In base 5, what is -2034 - -434224403?
434222314
In base 12, what is 18668 + 17b?
18827
In base 13, what is 17b - 86c5?
-8547
In base 9, what is -1011371785 + -5?
-1011371801
In base 6, what is 1514 + -24403?
-22445
In base 15, what is 218d - -5545?
76d3
In base 13, what is -1452b454 + -2?
-1452b456
In base 12, what is 0 + 158b672?
158b672
In base 6, what is -1112345 - 222?
-1113011
In base 8, what is -2416 + -44161?
-46577
In base 8, what is -56205552 - 4?
-56205556
In base 15, what is 4911931 + 6?
4911937
In base 15, what is d - 4a861c?
-4a860e
In base 6, what is -22135100 + -20?
-22135120
In base 6, what is -11 + -4553243023?
-4553243034
In base 7, what is -11602623 - 135?
-11603061
In base 15, what is 257141 - 34?
25710c
In base 2, what is -1100000110101001000100 - 1000?
-1100000110101001001100
In base 2, what is -101 + 1000011000100011011100?
1000011000100011010111
In base 6, what is -121211452 + -4?
-121211500
In base 3, what is -112122122 + -220202?
-120120101
In base 8, what is -1036 + 1206350?
1205312
In base 13, what is 4 + 1615b43b?
1615b442
In base 3, what is 12220100122 - -21212?
12220122111
In base 9, what is -116887 - -1658?
-115228
In base 5, what is -14444110 - -22?
-14444033
In base 2, what is 10010101011101100001011 - 101?
10010101011101100000110
In base 5, what is 2433131 + -4023?
2424103
In base 12, what is 23b710 - -27a?
23b98a
In base 15, what is -54 + d7b1e?
d7aba
In base 9, what is -8 + 4203453?
4203444
In base 11, what is 841951 + 3?
841954
In base 2, what is 11110000001000001101100 + -1011?
11110000001000001100001
In base 12, what is -12927 + 190?
-12757
In base 16, what is -6e801 + 1a?
-6e7e7
In base 6, what is -230 + -1325430?
-1330100
In base 10, what is 392 + 22368?
22760
In base 3, what is -220110001122101 + -11?
-220110001122112
In base 2, what is -1101 + -10001011101101000101?
-10001011101101010010
In base 15, what is -3076 - 12da2?
-15e28
In base 3, what is 221011 - 10221222022020?
-10221221101002
In base 12, what is -475051a - -2?
-4750518
In base 7, what is -341026136 + -3?
-341026142
In base 7, what is -1164461 + 5?
-1164453
In base 6, what is 33315 + 13154?
50513
In base 9, what is -220 + -103522?
-103742
In base 13, what is -a + -148aaa?
-148ab7
In base 8, what is -3 - 146472236?
-146472241
In base 2, what is 100111110010 - -11000010101?
1000000000111
In base 2, what is 11110010100010 + -101010010011?
11001000001111
In base 3, what is 1 - 102221010110000?
-102221010102222
In base 14, what is 0 - 437d078?
-437d078
In base 4, what is -13030332321 - 23103?
-13031022030
In base 4, what is -32113122321131 + 10?
-32113122321121
In base 5, what is 2434111 - -20112?
3004223
In base 14, what is -3b79 - 1660b?
-1a386
In base 16, what is -591be80 - -2?
-591be7e
In base 11, what is 8880 - -3511?
11291
In base 2, what is -1011011101010110 + -100?
-1011011101011010
In base 12, what is 74553 + 223?
74776
In base 13, what is -95951 - 14?
-95965
In base 14, what is 24 - -5b6cd7?
5b6d1b
In base 14, what is -1744a2a4 + -4?
-1744a2a8
In base 8, what is 0 - -12563457?
12563457
In base 2, what is 101010 + -1000111011101000000?
-1000111011100010110
In base 12, what is 72 + 415b4?
41666
In base 6, what is 131105 + -34014?
53051
In base 14, what is 163a9 + -6d?
1633a
In base 4, what is 212323021130 - -1?
212323021131
In base 15, what is -6615 - -86b?
-5c99
In base 7, what is -33 - -32134?
32101
In base 11, what is -16a + -234350?
-23450a
In base 4, what is 132 - -212230112?
212230310
In base 8, what is -1563457 - 3?
-1563462
In base 6, what is 435230430 + 2?
435230432
In base 7, what is 1153 + 354042?
355225
In base 14, what is 1c28 - 104?
1b24
In base 12, what is 7035a + -54b?
6ba0b
In base 11, what is 185 + -233749?
-233574
In base 2, what is 1001001001 + 1010001101010110?
1010010110011111
In base 10, what is 826583 + 16?
826599
In base 15, what is -203 - -16d69?
16b66
In base 3, what is 111001101 + -120220?
110110111
In base 2, what is -11011011011101 + -100011111101?
-11111111011010
In base 4, what is 123211 - -12013312?
12203123
In base 12, what is a + 12aa96b?
12aa979
In base 16, what is -2ab44 - ba?
-2abfe
In base 12, what is -4249 + 3b72?
-297
In base 7, what is 2100 - 3061?
-661
In base 14, what is 769a62 - 2?
769a60
In base 15, what is 84e4 